et g(h) = -h + 6. Let x be g(2). Suppose -x*n + 3182 = 2*u, 28*u = 3*n + 30*u - 2389. List the prime factors of n.
13, 61
List the prime factors of (((-2530)/(-10))/11)/((-9)/(-4689)).
23, 521
Suppose -3*r - 4*s - 21507 = -209313, 313015 = 5*r + 5*s. What are the prime factors of r?
2, 23, 1361
Suppose 4*c - 3*c = 3*r - 6*r + 104592, 0 = 3*c. What are the prime factors of r?
2, 2179
Let s(b) = -23 + 10*b**2 - b**3 + b + 13 + 6*b. Suppose -135 = -4*t - 11*t. List the prime factors of s(t).
2, 67
Suppose 377610 = 2*o + 13*o. List the prime factors of o.
2, 41, 307
Let w(h) = h**3 + 5*h**2 + 8*h + 2. Let q be w(-3). Let z be -1 + q/(-3 - -2). Suppose z*m - 41 = 76. List the prime factors of m.
3, 13
Suppose -32*l + 95357 = -221635. What are the prime factors of l?
2, 3, 13, 127
Let f = 50 - 90. Suppose 377*b - 349*b = -2632. Let d = f - b. List the prime factors of d.
2, 3
Let f be (-9246)/9*(-15)/10. Suppose 0*j + 3*h - 1553 = -4*j, 4*j - h = f. List the prime factors of j.
2, 193
Suppose -9*t + 8*t = 6*t - 55384. List the prime factors of t.
2, 23, 43
Suppose -5804 = -21*h - 4211 + 126990. What are the prime factors of h?
3, 13, 157
Let j(s) = -143*s**3 - 5*s**2 - 28*s - 1. List the prime factors of j(-3).
7, 557
Suppose -2*g + 5 = 4*r - g, -1 = r + g. Suppose -13*a = -12*a - 5*f - 761, 0 = r*f + 10. What are the prime factors of a?
2, 23
Suppose 22057 = 17*y - 5*y - 416471. What are the prime factors of y?
2, 571
Let h(j) = -92*j**3 - 5*j**2 + 130*j + 690. What are the prime factors of h(-5)?
3, 5, 761
Suppose 2*z + 2 = 0, -z + 6*z = m - 40. Suppose 248 + m = x. List the prime factors of x.
283
Suppose -r + 12*r - 17688 = 0. Suppose 3*v = -4*m + 2366, -6*v + 5*m = -4*v - r. List the prime factors of v.
2, 397
Let d be (810/(-72))/(-45)*(-772 - 0). Let q = -60 - 40. Let p = q - d. List the prime factors of p.
3, 31
Let z(o) = -o + 2. Let a be z(0). Let w be ((-10)/(-25))/(a/(-60)). What are the prime factors of 1270/12 - (-1)/(w/(-2))?
2, 53
Let f(b) = -22*b**3 - 17*b**2 + 9*b + 6. Let u be f(7). List the prime factors of u/(-21) + (-27)/(-21) + -1.
2, 3, 11
List the prime factors of 59/((-944)/(-94880)) - 4*2.
2, 3, 7, 47
Let s(b) = b**3 - 27*b**2 + 2*b - 43. Suppose -5*g + 4*h = -4*g - 12, -5*h = 5*g - 160. What are the prime factors of s(g)?
797
Suppose -4*r = -2*r - 22. Suppose r*n = 2*k + 7*n - 806, -2*n = 5*k - 2027. List the prime factors of k.
3, 5
Suppose 23 = 6*k - 2*k - 3*y, -5*y = -15. Suppose -4*f + 2*c + 58 = 0, c = 3*f + k - 49. List the prime factors of -1 - 6*((-200)/f - 1).
3, 5, 7
Suppose -2*a - 3*h + 8019 = 0, 0 = -4*a + 3*h - 6231 + 22242. Suppose 35*z + a = 18425. What are the prime factors of z?
2, 103
Suppose 47*b - 42*b - 1120 = 0. Let n = b + -174. What are the prime factors of n?
2, 5
Let h = 1764 - -25375. List the prime factors of h.
7, 3877
Let p be 171/(-24) + 1/8. What are the prime factors of p/((-39)/(-21) + -2)?
7
Suppose 27*h - 147880 - 66416 = -56859. What are the prime factors of h?
7, 17
Let q(i) = i**2 - i + 3. Let d be q(0). Suppose -2*o - 2 = -d*o. List the prime factors of o*(1 - 2)*-53 + 2.
2, 3
Suppose 2*p = 3 + 3. Suppose 2*f + 9 = -p*t, t = 2*f + 4 - 7. Suppose f = 3*o - 2*x - 246, -4*x = -2*o - 8*x + 164. List the prime factors of o.
2, 41
Let z(v) = -2*v**3 + 12*v**2 + v - 6. Let o(r) = -r**2 - 1. Let a(b) = -4*o(b) - z(b). List the prime factors of a(7).
3, 11
Let r = 108 - 104. Suppose 2*z - 5*v = -5, 0 = -2*z - v - 3*v + r. What are the prime factors of 196 - (-1 + 5 + z)?
2, 3
List the prime factors of 13684 + -13 - (1 - 10).
2, 3, 5, 19
Suppose 165*v = 155*v + 1110. Suppose 5*p + 9 = -1. List the prime factors of (-6 - p) + v + -1.
2, 53
Suppose -2*r = -10*z + 8*z + 26, -4*r + 3*z - 50 = 0. Let m = r + 6. Let g(t) = -31*t - 27. List the prime factors of g(m).
2
Let u(t) = 2*t**2 + 6*t + 12. List the prime factors of u(14).
2, 61
Let s(n) = 9412*n**3 - 21*n**2 + 3*n - 5. List the prime factors of s(1).
41, 229
Let n = 1 + -321. Let k = 73 - n. What are the prime factors of k?
3, 131
Let i = -19823 - -28575. What are the prime factors of i?
2, 547
Suppose 6*r - 11*r = 105. Let l(f) = 2*f**2 - 16*f - 5. List the prime factors of l(r).
1213
Let z be (-4 - 6) + 2 + 2/(-1). Let d(v) = -v - 6. Let c be d(z). Suppose -6*x = -3*x + c*g - 189, -5*x - 3*g = -315. What are the prime factors of x?
3, 7
Let i(y) = y**3 - 13*y**2 - 5*y - 56. What are the prime factors of i(28)?
2, 7, 59
What are the prime factors of (2*(-23669)/(-2) - (-268)/134) + -5?
2, 11833
Let z be (-1)/((-1)/537) - -3. Suppose -59*f = -54*f - z. Suppose -74 - f = -d. What are the prime factors of d?
2, 7, 13
Let w(n) be the second derivative of n**4/3 + n**3/2 + 3*n**2 + 18*n - 2. List the prime factors of w(7).
223
Let m(j) = -761*j + 1765. List the prime factors of m(-10).
3, 5
Suppose -4*p + 5*p - 1010 + 909 = 0. What are the prime factors of p?
101
List the prime factors of 33147/(-254)*(-2636)/18.
29, 659
Let d be -18*((-2)/3 - 55/66). Let z = 42 - d. Suppose 2*w = 5*g + 231, 5*g - z = w - 118. What are the prime factors of w?
2
Suppose 3*v + n = 46735, -942*n = 2*v - 940*n - 31162. List the prime factors of v.
37, 421
Suppose -7*q + 0 + 14 = 0. Suppose 5*t + 3*s = 2871, -q*t + 427 = 4*s - 727. What are the prime factors of t?
3, 191
Suppose -b = 4 - 3, 2*b = 4*q - 1414. Suppose 0*n + 3*c = 4*n - 504, -4*c + q = 3*n. What are the prime factors of n?
3, 41
Suppose 19*r = 104815 + 15683. List the prime factors of r.
2, 3, 7, 151
Let s(g) be the third derivative of -9*g**4/2 + 77*g**3/6 - g**2 + 60. What are the prime factors of s(-10)?
13, 89
Let r(t) = 2*t**2 + 37*t + 16. Let y be r(-18). Let s(m) = -162*m + 3. What are the prime factors of s(y)?
3, 109
Suppose -4*a + h = 218, 5*a + 89 = -5*h - 196. Let r = a + 93. Let p = 49 - r. List the prime factors of p.
11
Suppose 3*h - 46 - 59 = 0. Suppose 6*f - h = f. Suppose -f*i + 98 + 497 = 0. What are the prime factors of i?
5, 17
Suppose -t - 5*x + 141 = 0, 3*x + 1 - 16 = 0. Let r = t + -194. List the prime factors of (r + 2)*(-9)/9.
2, 19
What are the prime factors of 260/35 + -7 - (-176814)/14?
2, 3, 5, 421
Let d(o) = 36 - 6*o**2 - 9 + 10*o + 13*o**2. What are the prime factors of d(-7)?
2, 3, 5
What are the prime factors of 40/(-12)*((-5697)/2 - 3)?
5, 1901
Suppose 11*c + 6*c = 13668. Suppose 7*w - c = 435. List the prime factors of w.
3, 59
Suppose -113*s + 405870 = -53*s - 45*s. List the prime factors of s.
2, 83, 163
Let n(s) = 447*s**2 + 16*s + 62. What are the prime factors of n(-8)?
2, 3, 67, 71
Suppose -4*v + 4833 = 5*v. Suppose -4*g + 3129 = v. Suppose -8*t + 192 = -g. List the prime factors of t.
3, 5, 7
Suppose 26 + 2 = -4*f. Let w(a) be the first derivative of 3*a**2/2 + 42*a + 1. What are the prime factors of w(f)?
3, 7
Suppose 3*j = -2*l + 2*j + 15, 2*l + 2*j = 20. Suppose 3*u = -4*z + 244 + 625, l*z = u + 1091. What are the prime factors of z?
2, 109
Let a = 1393 + -635. Let k = a - 623. What are the prime factors of k?
3, 5
Suppose -13*t + 863 = -4792. Suppose 0 = 5*z + 25, -3*i + z + 758 + t = 0. List the prime factors of i.
2, 3, 11
Let f(u) = u**2 + u - 59. Let p = -270 + 245. List the prime factors of f(p).
541
Let l(a) = 336*a**3 - 19*a + 43. List the prime factors of l(5).
2, 10487
Let d be 0/(1/(3 + -2)). Let g = -1503 + 1514. Suppose g*z + 2*z - 39 = d. List the prime factors of z.
3
Let m be -116 - -116 - 1*(1 + -1). Suppose 2*f - 2059 + 301 = m. List the prime factors of f.
3, 293
Suppose -2*p + 2*r + 24 = 0, 2*r - 6*r - 18 = -p. Suppose 5*t + 2 = -z, 0*z - 5*z - 5*t + p = 0. What are the prime factors of (-1)/z*(3 - 461 - 1)?
3, 17
Suppose -1 - 19 = -4*x - 4*j, -4*j = -4*x + 4. Suppose -4*q - 2*s + 2 = 0, -4*s = q - x*q + 26. Suppose -q*r + 604 = r. What are the prime factors of r?
151
Let d(g) = 134*g + 1236. What are the prime factors of d(44)?
2, 1783
Let w(o) = 3*o**2 + 4*o - 72. Let l be w(7). Let u = 96 - 153. Let i = l + u. What are the prime factors of i?
2, 23
Let u(g) = -8*g - 5*g + 12*g + 107. What are the prime factors of u(-27)?
2, 67
Suppose -12 = -o - 3*o. Suppose i - m = m + 313, o*i - 946 = -m. What are the prime factors of i?
3, 5, 7
Let g be (-5 - 2) + 0/2. Let f = g + 9. What are the prime factors of (0 + f)/((-9)/(-468))?
2, 13
S